e prime factors of 2046703.
2046703
What are the prime factors of 663672?
2, 3, 27653
List the prime factors of 600515.
5, 120103
List the prime factors of 1812825.
3, 5, 7, 1151
List the prime factors of 6273317.
977, 6421
List the prime factors of 10728536.
2, 7, 13, 14737
What are the prime factors of 22273701?
3, 41, 181087
What are the prime factors of 105640?
2, 5, 19, 139
What are the prime factors of 10071672?
2, 3, 13, 19, 1699
List the prime factors of 1452880.
2, 5, 11, 13, 127
What are the prime factors of 8634157?
7, 89, 13859
List the prime factors of 6071966.
2, 3035983
List the prime factors of 259725.
3, 5, 3463
What are the prime factors of 392914?
2, 71, 2767
List the prime factors of 1247511.
3, 17, 61, 401
List the prime factors of 358657.
13, 47, 587
What are the prime factors of 1104571?
13, 84967
What are the prime factors of 2392357?
11, 79, 2753
List the prime factors of 1508441.
11, 137131
List the prime factors of 6220963.
7, 17, 61, 857
List the prime factors of 550445.
5, 7, 15727
List the prime factors of 863337.
3, 41, 7019
List the prime factors of 1799915.
5, 13, 27691
What are the prime factors of 6896402?
2, 1447, 2383
What are the prime factors of 134764?
2, 7, 4813
What are the prime factors of 263589?
3, 41, 2143
What are the prime factors of 201351?
3, 41, 1637
What are the prime factors of 35785209?
3, 89, 101, 1327
What are the prime factors of 4349344?
2, 199, 683
What are the prime factors of 2631478?
2, 109, 12071
What are the prime factors of 543843?
3, 60427
List the prime factors of 167980.
2, 5, 37, 227
List the prime factors of 269742.
2, 3, 11, 61, 67
List the prime factors of 8337337.
257, 32441
What are the prime factors of 36396502?
2, 18198251
What are the prime factors of 5505772?
2, 1376443
What are the prime factors of 152342?
2, 19, 211
What are the prime factors of 7725913?
13, 19, 31, 1009
What are the prime factors of 225340?
2, 5, 19, 593
What are the prime factors of 12692226?
2, 3, 2115371
List the prime factors of 23111390.
2, 5, 149, 15511
What are the prime factors of 2857684?
2, 67, 10663
What are the prime factors of 92547?
3, 7, 13, 113
List the prime factors of 71452.
2, 17863
What are the prime factors of 2021375?
5, 103, 157
List the prime factors of 550410.
2, 3, 5, 7, 2621
What are the prime factors of 4944609?
3, 23, 23887
What are the prime factors of 15044354?
2, 13, 17, 101, 337
List the prime factors of 29143628.
2, 7285907
List the prime factors of 188356.
2, 7, 31
List the prime factors of 618249.
3, 206083
List the prime factors of 140311.
193, 727
List the prime factors of 21001617.
3, 7, 13, 25643
What are the prime factors of 142320?
2, 3, 5, 593
List the prime factors of 539558.
2, 269779
List the prime factors of 19275549.
3, 97, 66239
What are the prime factors of 1339954?
2, 7, 11, 113
List the prime factors of 36391.
151, 241
List the prime factors of 31734.
2, 3, 41, 43
What are the prime factors of 404835?
3, 5, 137, 197
List the prime factors of 19609573.
1319, 14867
What are the prime factors of 1106560?
2, 5, 7, 13, 19
List the prime factors of 7915807.
317, 24971
What are the prime factors of 8621368?
2, 7, 153953
List the prime factors of 169204.
2, 7, 6043
What are the prime factors of 220894?
2, 19, 5813
What are the prime factors of 1037040?
2, 3, 5, 29, 149
List the prime factors of 11851565.
5, 11, 215483
What are the prime factors of 5369306?
2, 127, 21139
What are the prime factors of 512515?
5, 102503
List the prime factors of 1200480.
2, 3, 5, 41, 61
What are the prime factors of 1933098?
2, 3, 19, 31, 547
What are the prime factors of 117629?
19, 41, 151
What are the prime factors of 18163?
41, 443
List the prime factors of 4499251.
67, 67153
What are the prime factors of 139939?
139939
List the prime factors of 2574155.
5, 514831
What are the prime factors of 6972429?
3, 2324143
What are the prime factors of 43882?
2, 37, 593
List the prime factors of 25608.
2, 3, 11, 97
List the prime factors of 292570.
2, 5, 17, 1721
What are the prime factors of 1644259?
743, 2213
What are the prime factors of 5801397?
3, 7, 276257
What are the prime factors of 56168?
2, 7, 17, 59
What are the prime factors of 1402?
2, 701
List the prime factors of 17987.
17987
What are the prime factors of 26521396?
2, 11, 602759
List the prime factors of 118733.
37, 3209
List the prime factors of 7424447.
337, 22031
List the prime factors of 246776.
2, 109, 283
What are the prime factors of 1147063?
113, 10151
List the prime factors of 481732.
2, 83, 1451
List the prime factors of 853330.
2, 5, 85333
List the prime factors of 469089.
3, 52121
List the prime factors of 3302091.
3, 13, 167
What are the prime factors of 1021711?
1021711
What are the prime factors of 875915?
5, 167, 1049
What are the prime factors of 301707?
3, 7, 4789
List the prime factors of 873558.
2, 3, 7, 2311
List the prime factors of 4067996.
2, 83, 12253
List the prime factors of 1401729.
3, 7, 66749
What are the prime factors of 22943172?
2, 3, 7, 39019
What are the prime factors of 3818427?
3, 797, 1597
List the prime factors of 27035615.
5, 2063, 2621
List the prime factors of 11463363.
3, 97, 1459
What are the prime factors of 134904?
2, 3, 7, 11, 73
List the prime factors of 1548529.
41, 179, 211
What are the prime factors of 2457970?
2, 5, 271, 907
What are the prime factors of 2343450?
2, 3, 5, 17, 919
What are the prime factors of 355254?
2, 3, 59209
List the prime factors of 5661542.
2, 23, 123077
List the prime factors of 12809833.
941, 13613
What are the prime factors of 4398528?
2, 3, 31, 739
List the prime factors of 14145721.
73, 107, 1811
What are the prime factors of 6411175?
5, 29, 37, 239
List the prime factors of 1924133.
47, 40939
List the prime factors of 12695543.
7, 257, 7057
List the prime factors of 1066502.
2, 367, 1453
List the prime factors of 383890.
2, 5, 13, 2953
List the prime factors of 812513.
13, 62501
List the prime factors of 962971.
962971
List the prime factors of 202805.
5, 47, 863
List the prime factors of 412473.
3, 137491
List the prime factors of 625409.
625409
What are the prime factors of 10175869?
11, 925079
List the prime factors of 1727954.
2, 541, 1597
List the prime factors of 114476.
2, 28619
What are the prime factors of 151771?
151771
What are the prime factors of 6488171?
59, 277, 397
List the prime factors of 72254.
2, 7, 13, 397
List the prime factors of 2895104.
2, 43, 263
List the prime factors of 11003967.
3, 13, 163, 577
What are the prime factors of 2890500?
2, 3, 5, 41, 47
What are the prime factors of 1513152?
2, 3, 37, 71
List the prime factors of 3675956.
2, 918989
What are the prime factors of 295819?
295819
List the prime factors of 230008.
2, 28751
What are the prime factors of 17060382?
2, 3, 53, 1987
What are the prime factors of 7436254?
2, 7, 313, 1697
What are the prime factors of 4483741?
4483741
What are the prime factors of 1675334?
2, 837667
List the prime factors of 3202660.
2, 5, 79, 2027
What are the prime factors of 3874841?
19, 109, 1871
What are the prime factors of 1584153?
3, 176017
List the prime factors of 4793866.
2, 7, 11, 4447
What are the prime factors of 694726?
2, 79, 4397
List the prime factors of 287902.
2, 41, 3511
What are the prime factors of 4858874?
2, 2429437
What are the prime factors of 729312?
2, 3, 71, 107
List the prime factors of 7676428.
2, 89, 21563
What are the prime factors of 816335?
5, 13, 19, 661
List the prime factors of 1091567.
139, 7853
List the prime factors of 557794.
2, 151, 1847
List the prime factors of 2359634.
2, 17, 69401
What are the prime factors of 2641650?
2, 3, 5, 11, 1601
What are the prime factors of 430444?
2, 7, 15373
List the prime factors of 127536.
2, 3, 2657
List the prime factors of 30113090.
2, 5, 7, 31, 13877
What are the prime factors of 427926?
2, 3, 73, 977
What are the prime factors of 203342?
2, 293, 347
List the prime factors of 1279684.
2, 7, 6529
List the prime factors of 1082507.
89, 12163
What are the prime factors of 2593142?
2, 1296571
What are the prime factors of 68483?
68483
What are the prime factors of 9589965?
3, 5, 7, 11, 19, 23
What are the prime factors of 962836?
2, 7, 137, 251
What are the prime factors of 9678440?
2, 5, 17,